1044168920.
2, 5, 47, 199, 2791
List the prime factors of 748263847.
521, 1436207
List the prime factors of 113455007.
149, 761443
What are the prime factors of 426627499?
3931, 108529
List the prime factors of 139559877.
3, 15506653
List the prime factors of 3883300521.
3, 1294433507
List the prime factors of 806607990.
2, 3, 5, 2987437
What are the prime factors of 180824078?
2, 71, 1273409
List the prime factors of 5789862433.
5789862433
What are the prime factors of 4972716049?
7, 101484001
What are the prime factors of 39819361?
383, 103967
List the prime factors of 987165180.
2, 3, 5, 17, 37, 8719
List the prime factors of 21440561.
31, 691631
What are the prime factors of 39470448?
2, 3, 19, 113, 383
List the prime factors of 540650139.
3, 191, 943543
List the prime factors of 7952762.
2, 3976381
List the prime factors of 390581377.
23, 1979, 8581
What are the prime factors of 482158119?
3, 53, 3032441
What are the prime factors of 399806155?
5, 7, 11423033
List the prime factors of 466111715.
5, 93222343
List the prime factors of 327489641.
4603, 71147
List the prime factors of 162687501.
3, 17, 354439
List the prime factors of 299734132.
2, 74933533
What are the prime factors of 3626264327?
7, 89, 877, 6637
List the prime factors of 28606899.
3, 9535633
What are the prime factors of 25777220?
2, 5, 7, 101, 1823
What are the prime factors of 1905930306?
2, 3, 7, 947, 15973
List the prime factors of 223589351.
53, 4218667
What are the prime factors of 3024926406?
2, 3, 683, 246049
List the prime factors of 777381438.
2, 3, 61, 239, 8887
What are the prime factors of 465259119?
3, 13, 11929721
What are the prime factors of 117570278?
2, 7, 8397877
List the prime factors of 228601584.
2, 3, 17, 93383
What are the prime factors of 267801052?
2, 23, 463, 6287
List the prime factors of 186091701.
3, 62030567
List the prime factors of 52637772.
2, 3, 11, 398771
What are the prime factors of 419977263?
3, 23, 619, 9833
What are the prime factors of 12072921?
3, 7, 163, 3527
What are the prime factors of 3976639423?
277, 14356099
List the prime factors of 438012333.
3, 11, 199, 7411
What are the prime factors of 1940001050?
2, 5, 13, 571, 5227
List the prime factors of 94328530.
2, 5, 47, 200699
What are the prime factors of 15328653?
3, 5109551
List the prime factors of 1168809.
3, 53, 7351
List the prime factors of 2480198.
2, 7, 17, 613
List the prime factors of 249918223.
47, 409, 13001
What are the prime factors of 221087825?
5, 7, 1033, 1223
What are the prime factors of 185538522?
2, 3, 13, 2378699
List the prime factors of 1775345528.
2, 11, 23, 661, 1327
What are the prime factors of 604407626?
2, 7963, 37951
List the prime factors of 13483990.
2, 5, 13, 103723
List the prime factors of 182140915.
5, 11, 71, 46643
List the prime factors of 1503507744.
2, 3, 17, 149, 229
What are the prime factors of 5980202466?
2, 3, 7, 61, 1327, 1759
What are the prime factors of 1834514?
2, 11, 61, 1367
List the prime factors of 1359883719.
3, 8059, 18749
What are the prime factors of 496230028?
2, 7, 163, 108727
List the prime factors of 2386093907.
127, 673, 27917
What are the prime factors of 1843262633?
37, 127, 392267
List the prime factors of 129866100.
2, 3, 5, 7, 13, 67, 71
What are the prime factors of 85267966?
2, 7, 6090569
What are the prime factors of 6060946316?
2, 1515236579
What are the prime factors of 113361644?
2, 11, 17, 151553
What are the prime factors of 549604595?
5, 109920919
List the prime factors of 1625659828.
2, 13, 191, 163679
What are the prime factors of 288875471?
288875471
What are the prime factors of 831296190?
2, 3, 5, 1217, 22769
What are the prime factors of 551839541?
11, 41, 1223591
List the prime factors of 817720522.
2, 408860261
What are the prime factors of 845051483?
61, 137, 101119
What are the prime factors of 145515923?
7, 601, 34589
What are the prime factors of 99123836?
2, 7, 19, 23, 8101
What are the prime factors of 814958525?
5, 32598341
What are the prime factors of 44538067?
7, 43, 79, 1873
What are the prime factors of 332748462?
2, 3, 55458077
List the prime factors of 871579752.
2, 3, 137, 265079
What are the prime factors of 337696815?
3, 5, 107, 210403
List the prime factors of 58169343.
3, 19389781
List the prime factors of 537778246.
2, 268889123
What are the prime factors of 191918906?
2, 1051, 91303
What are the prime factors of 22114468?
2, 293, 18869
What are the prime factors of 1475138402?
2, 79, 157, 59467
List the prime factors of 792825830.
2, 5, 43, 79, 23339
What are the prime factors of 1262277464?
2, 7, 19, 1186351
What are the prime factors of 75315777?
3, 23, 83, 13151
List the prime factors of 523562988.
2, 3, 13, 3356173
List the prime factors of 381342063.
3, 127114021
List the prime factors of 325901832.
2, 3, 17, 19, 2473
List the prime factors of 466566302.
2, 89, 2621159
What are the prime factors of 4060454310?
2, 3, 5, 11, 43, 95383
What are the prime factors of 202962267?
3, 2505707
What are the prime factors of 493244503?
19, 31, 193, 4339
List the prime factors of 102044183.
17, 6002599
List the prime factors of 7250444.
2, 1812611
List the prime factors of 197337845.
5, 39467569
What are the prime factors of 4541337101?
7, 7937, 11677
What are the prime factors of 256694412?
2, 3, 13, 1645477
List the prime factors of 2506912327.
17, 147465431
List the prime factors of 731373305.
5, 13, 11251897
List the prime factors of 9592827.
3, 43, 74363
What are the prime factors of 4497261114?
2, 3, 749543519
What are the prime factors of 5605058?
2, 1033, 2713
What are the prime factors of 113100287?
73, 1549319
What are the prime factors of 275261708?
2, 1667, 41281
List the prime factors of 4473487580.
2, 5, 23, 701, 13873
What are the prime factors of 203223885?
3, 5, 13548259
What are the prime factors of 46813869?
3, 17, 33997
List the prime factors of 4521289118.
2, 2260644559
What are the prime factors of 1166840883?
3, 13, 17, 65183
What are the prime factors of 402374952?
2, 3, 7, 29569
List the prime factors of 36771865.
5, 13, 43517
What are the prime factors of 168588393?
3, 56196131
What are the prime factors of 231636243?
3, 23, 37, 90731
What are the prime factors of 1332269389?
11, 121115399
List the prime factors of 310674536.
2, 149, 263, 991
What are the prime factors of 71746997?
7, 131, 78241
What are the prime factors of 148745189?
17, 53, 165089
List the prime factors of 4297605975.
3, 5, 13, 43, 47, 727
List the prime factors of 216094735.
5, 17, 457, 5563
List the prime factors of 43479059.
13, 3344543
List the prime factors of 3354628539.
3, 26371, 42403
List the prime factors of 856314662.
2, 7, 61165333
What are the prime factors of 19424792?
2, 2428099
What are the prime factors of 91199873?
91199873
List the prime factors of 353160979.
239, 1477661
What are the prime factors of 33605402?
2, 773, 21737
What are the prime factors of 112172620?
2, 5, 7, 101, 7933
List the prime factors of 2448860015.
5, 7, 9995347
What are the prime factors of 81542651?
1217, 67003
What are the prime factors of 32124988?
2, 7, 251, 653
List the prime factors of 20771287.
20771287
List the prime factors of 686940057.
3, 23, 137, 24223
What are the prime factors of 3000706134?
2, 3, 59, 8476571
What are the prime factors of 40979459?
41, 999499
List the prime factors of 105906648.
2, 3, 73, 60449
List the prime factors of 8903728.
2, 556483
List the prime factors of 103490484.
2, 3, 59, 146173
List the prime factors of 7632212146.
2, 13, 293546621
What are the prime factors of 141276041?
9467, 14923
List the prime factors of 170356.
2, 42589
What are the prime factors of 26150335?
5, 17, 307651
What are the prime factors of 10958357?
41, 267277
List the prime factors of 90163960.
2, 5, 2254099
List the prime factors of 1226209800.
2, 3, 5, 61, 33503
What are the prime factors of 238349850?
2, 3, 5, 181, 8779
What are the prime factors of 905834051?
151, 5998901
List the prime factors of 12706879.
23, 552473
What are the prime factors of 7563586099?
7563586099
List the prime factors of 209275366.
2, 97, 1078739
List the prime factors of 295636780.
2, 5, 103, 143513
What are the prime factors of 430722055?
5, 727, 118493
What are the prime factors of 3161559